 15*i + 24. Let n be j(8). Suppose -4*f = -2*b - 24, 44 = -4*b + 4*f + n. Let c(m) = 5*m + 1. Calculate c(b).
-9
Let s(p) = p + 5. Let i be s(-5). Let m(t) = 215618*t**2 - t**3 + 2*t**3 - 107816*t**2 + t - 6 - 107801*t**2. What is m(i)?
-6
Let p be 2/10 - 56/(-20). Suppose -1 = y, -3*f + 5 = p*y - 4. Let k(i) = -10*i + 4. Calculate k(f).
-36
Let o(j) = -9 + 5*j - 124*j**3 + 125*j**3 + 0 - 9*j**2 + 16. Give o(7).
-56
Let y(t) = -t**2 - 27*t - 113. Let i be (610/(-20) - -9) + 2/4 + -1. What is y(i)?
-3
Let d(w) be the first derivative of -1/2*w**2 - 6 + 2*w**3 + w. Suppose 0 = -10*i + 17*i - 7. What is d(i)?
6
Let r(n) be the first derivative of 5/2*n**2 - 6*n - 1 - 1/3*n**3. Let f be ((-6)/(-18))/(1/15). What is r(f)?
-6
Let c(p) = 5*p**2 - 4*p - 3. Let m be ((-29)/(-58))/((-3)/2694). Let f = -450 - m. What is c(f)?
6
Let k(m) = -31*m + 34 + 37*m + 26*m. Let z(b) = -11*b - 12. Let u(h) = -6*k(h) - 17*z(h). Give u(-6).
30
Let n(y) be the second derivative of y**4/12 + 4*y**3/3 - 5*y**2 + 1023*y - 7. Let w = -5 - 4. Determine n(w).
-1
Let y(o) = o + 3. Let z be y(0). Suppose q - g - 5 = 2*g, -5*g = 5. Let j(f) = -2 + 4*f + 1 - 2 - f**2 + q. Give j(z).
2
Let v be (-8)/(48/(-78)) + (-7 + 4 - 4). Let b(z) = 0*z**2 + 2*z + 4*z**2 + 3 + 7*z. Let a(w) = w**3 - w**2 + w. Let i(l) = -a(l) + b(l). What is i(v)?
15
Let g(u) = u**3 + 14 + 1 + u**3 - 17 - 3*u**3 - 9*u**2. Let b = -440 - -431. Calculate g(b).
-2
Suppose 16 - 2 = 2*s + 3*t, s + 4*t = 17. Let i(y) = -y**2. Let m(z) = -2 + z**3 + 148*z**2 - 75*z**2 - 2*z - 77*z**2. Let u(f) = s*i(f) - m(f). Determine u(4).
-6
Suppose 873 = -9*z - 88*z. Let j(t) = 4*t**3 + 37*t**2 + 8*t - 9. Calculate j(z).
0
Let a = -84 + 78. Let o(x) = -x - 8. Let g be o(-10). Let m(r) = 0 + 4 - 10 - g*r + 4. What is m(a)?
10
Let h(z) = -4*z + 6*z - 3*z. Let q(j) = -5*j**2 - 4*j - 2. Let b(v) = -6*h(v) + q(v). Let p be b(1). Let n(w) = w + 5. Give n(p).
0
Let b(k) be the first derivative of 4/3*k**3 + 0*k + 3 - 1/2*k**2. Let s = -75520 - -75521. Determine b(s).
3
Let c(u) = 3*u + 2. Suppose -3*y + 2*i = -2, 7*y - 2 = 10*y + 2*i. Determine c(y).
2
Let o = -5018 + 5008. Let w(u) = u**3 + 7*u**2 - 25*u - 10. Calculate w(o).
-60
Let s(d) = 4*d + 33. Let m = -3130 - -3124. Give s(m).
9
Let y(r) = -r**2 - 8*r - 4. Let q(h) = h**2 + 173*h + 337. Let l be q(-2). Determine y(l).
11
Let g(m) = -2*m - 6. Let i be g(-4). Suppose -47 = -z - 3*h, -i*h - 5 = -13. Let j = z - 35. Let p(y) = -y**3 + y**2 - y - 2. Give p(j).
-2
Let g(z) = 17*z**2 - 60*z**2 + 23*z**2 + 21*z**2 + 20*z - 159. Let i be g(-26). Let w(p) = -p - 5. What is w(i)?
-2
Let l(u) = -23 + 70 - 16 - 2 + 3*u - 19. Determine l(6).
28
Let o(q) = 5*q**3 + 161*q**2 + 222*q + 1318. Let z(u) = u**3 + 32*u**2 + 44*u + 264. Let i(m) = -3*o(m) + 16*z(m). What is i(-28)?
-10
Let i(d) = -d**3 + 34*d**2 - 32*d - 39. Suppose -1268*w - 792 = -1292*w. Calculate i(w).
-6
Suppose w + 2*a = -14, 0 = -4*w + a - 2*a - 21. Let y(l) = -92*l**2 - 5*l + 2. Let i(p) = 105*p**2 + 5*p - 2. Let t(g) = -7*i(g) - 8*y(g). What is t(w)?
-6
Suppose 65 - 82 = -a. Let g(p) = -2*p + 26. Calculate g(a).
-8
Let h(o) = o**3 + 4*o**2 + 2*o - 1. Let l(w) be the third derivative of w**5/60 + w**4/4 - 5*w**3 - 2*w**2 + 18*w. Let i be l(3). Determine h(i).
2
Let x = 24843 + -24847. Let a(t) be the second derivative of -t**3/2 - 5*t**2 + 4*t. What is a(x)?
2
Let g(f) be the first derivative of f**7/840 + f**6/180 - f**5/120 + f**4/24 + 2*f**3/3 - 8*f + 47. Let u(y) be the third derivative of g(y). Determine u(-3).
-5
Let u(h) be the second derivative of -h**4/6 + h**3/3 + 3*h**2/2 - 4*h. Suppose -10 = -2*a, -5*f - 2*a - 264 = -289. Calculate u(f).
-9
Let l(y) = 2*y**2 + 37*y + 1. Suppose 0 = 4*x - 6*m + 10*m + 72, -x - 10*m = -9. Determine l(x).
106
Let c(f) = 2*f**2 + 9*f - 7. Let o = 5921 - 5921. Give c(o).
-7
Let c(d) = 8*d**2 - 11*d - 705. Let z(l) = l**2 - l - 100. Let u(q) = -c(q) + 7*z(q). Let r(t) = t + 1. Let o be r(-3). Give u(o).
-7
Suppose 7*d - 9*d + 4 = 0. Let x(w) = w + w**3 - w**d + 1 + 3*w**3 - 3*w**3. Determine x(0).
1
Let r(l) = -l + 1. Let n = 94 - 361. Let s = n + 267. Determine r(s).
1
Suppose 4*t + m = -29, m = 90*t - 86*t + 27. Let c(l) = l**3 + 4*l**2 + 8*l + 11. Determine c(t).
-192
Let j(a) = 726*a - 2909*a + 721*a + 733*a + 726*a + 1. Let m(r) = -r - 7. Let f(v) = v**2 + 8*v + 8. Let o be f(-6). Let g be m(o). What is j(g)?
10
Suppose -103 = 50*y + 47. Let h(b) = 6*b**2 + 2*b - 2. What is h(y)?
46
Let m(d) = -d - 152 + 76 + 75. Suppose 243 = 8*u + 267. What is m(u)?
2
Let o(l) = 11*l**3 - 19*l**2 + 13*l + 13. Let a(g) = 5*g**3 - 8*g**2 + 6*g + 6. Let v(t) = 9*a(t) - 4*o(t). Give v(-5).
-33
Let o(k) = 3*k - 6. Let f(a) = 3*a - 7. Let c(p) = 4*f(p) - 5*o(p). Let h(q) = -q**2 - 8*q + 119. Let l be h(-16). Determine c(l).
29
Let m(w) be the third derivative of 7*w**6/120 - w**5/30 + w**4/24 + w**3/3 + 29*w**2 + 7*w. Determine m(-1).
-8
Let k(c) be the first derivative of c**4/4 - 5*c**3/3 + 3*c**2 - 7*c + 559. What is k(3)?
-7
Let f be -38*((-2992)/(-323))/22. Let a(l) = -l + 0 - 4 - 8. What is a(f)?
4
Let i(r) = -19*r - 41. Let x(l) = -l + 23. Let t(g) = -i(g) - 4*x(g). Give t(2).
-5
Let d(w) = -508*w**2 + 14*w + 104. Let m(g) = -381*g**2 + 11*g + 81. Let y(r) = 7*d(r) - 9*m(r). Give y(-1).
-127
Let d(k) be the first derivative of k**5/120 - k**4/4 - 82*k**3/3 + 276. Let c(z) be the third derivative of d(z). Calculate c(10).
4
Let s = -129 + 180. Let o(i) = -98 + s + 44 - 2*i**2. What is o(-2)?
-11
Let s(y) = 3*y**2 + y - 2. Let t(z) = -z**3 - 17*z**2 - 3*z + 22. Let a(d) = 4*s(d) + t(d). Calculate a(-5).
9
Let x(o) be the first derivative of -o**2/2 - 5*o - 451. Give x(-7).
2
Let o(d) = -d + 24. Let y be o(16). Suppose -4*u - 8 - y = 0. Let k(s) = -s - 4. Let f(a) = -a - 3. Let z(j) = 7*f(j) - 6*k(j). Determine z(u).
7
Let r(j) = -8095 - 3*j - 8087 + 16186. Determine r(-1).
7
Let d be (-4)/14 + (-19)/(1064/(-576)). Suppose 3*n = 5*z + d, -5 = -5*z - n - 15. Let k(r) = -1 + 0 + r**2 + 6*r + r**3 - 4*r. Calculate k(z).
-9
Suppose 12 = -11*m + 5*m. Let l be 4 - (8/(-12))/(m/3). Suppose -5*r = -5*o - 5, -l*o - o = -3*r - 2. Let x(k) = -2*k + 1. What is x(r)?
-11
Let p(c) = -2 + 10 + 3*c**3 - 4*c**3 - 1 - 12*c**2 - 11*c. Let a(o) = -188*o + 741. Let j be a(4). Give p(j).
7
Suppose -6*v = 9*v + 60. Let a(g) be the first derivative of -g**3/3 - 4*g**2 - 6*g + 90. Determine a(v).
10
Let d(n) = -4*n - 11. Let v(g) = 2*g**3 - g**2 - 3*g - 1. Let h be v(-1). Let k(q) = q + 2. Let z(a) = h*d(a) - 6*k(a). What is z(-3)?
5
Let i(b) be the second derivative of b**4/12 + 5*b**3/2 + 8*b**2 + 10*b - 9. Give i(-13).
-10
Let n(g) be the second derivative of g**4/6 - 11*g**2/2 - 63*g - 10. Calculate n(3).
7
Let z(a) = 5*a + 5. Let u(b) = -11*b - 11. Let d(k) = 4*u(k) + 9*z(k). Let h = -34 + -6. Let o be h/25*(-5)/2. What is d(o)?
5
Let h(x) = 2*x**3 - 4*x**2 + 5*x - 6. Suppose 102*o = 129 + 177. What is h(o)?
27
Let f(p) = -9*p**3 + 55*p**2 - 238*p + 1387. Let q be f(6). Let n(d) = -5 - 2 + 2 + d. Calculate n(q).
-10
Let z(x) = -x**2 - 8*x - 6. Let v be 1 + -7 - (-2 - -4 - 7). Let p be z(v). Let t(i) = 14*i**3 + i**2 - 2*i + 1. Determine t(p).
14
Let d(r) = 2*r**2 - 11*r - 1. Let a be d(7). Let u(q) = -q**3 - 8*q**2 + 5*q + 5. Let b be u(-9). Let w(h) = a - h - b + 19. Give w(2).
-4
Suppose -106*n - 2*u = -109*n + 36, n - 4*u - 32 = 0. Let h(i) be the third derivative of -i**5/60 + i**4/4 + 11*i**3/6 - 3*i**2. What is h(n)?
-5
Let l be (-8)/(-28) - (-40)/7. Let r(a) = -4*a - 1 + a - l*a + 6*a. Let y = -85 + 80. What is r(y)?
14
Suppose 8*o - 2687 - 905 = 0. Let y = o + -459. Let z(r) = r - 5. Determine z(y).
-15
Suppose 341*v = -4046 - 2774. Let g(x) = -2*x**3 - 41*x**2 - 20*x + 9. Determine g(v).
9
Suppose -4*s - 12 = -0*s. Let f(n) = -n + 1. Let h(a) = a - 1. Let p(u) = s*h(u) - 2*f(u). Suppose 7*w - 4*w = -9. Calculate p(w).
4
Let q(d) = 8*d**2 + 27*d - 2. Let s(i) = 6*i**2 + 7*i - 2. Let o(m) = 13*m**2 + 12*m - 4. Let y(z) = -3*o(z) + 7*s(z). Let n(b) = 2*q(b) - 5*y(b). What is n(7)?
-22
Let d be (-2)/(-5) - 2244/660. Let k(r) be the first derivative of -4 + 2*r - 1/2*r**2. What is k(d)?
5
Let j be (-7)/4 - (-936)/96. Suppose -j*t - 22 = -110. Let o(i) = -i + 13. Give o(t).
2
Let c(k) = -5*k + 237. Let z be 